me factors of v(-7).
7, 61
Suppose -2*h = 4, 23 = -8*z + 3*z - 4*h. Let t = z - 3. Let l(n) = -4*n - 8. What are the prime factors of l(t)?
2
Let b = -56 + 25. Let s = b + 11. List the prime factors of (-1272)/s + (-2)/(-5).
2
Let n be 328/2 - (1 - 6). Suppose -4*l + n = -5*b + 885, -b + 147 = 3*l. List the prime factors of b.
2, 3
Let c(t) = t**2 - 8*t + 6. Let d be c(8). Suppose 2*j - 9 = 15. What are the prime factors of 38/d - 4/j?
2, 3
Suppose -16395 = -39*w + 98538. List the prime factors of w.
7, 421
Let t = -2 + 2. Suppose -5*q = -t*q - 105. Let s = q - 13. List the prime factors of s.
2
Let x(t) = -2*t**2 + 7 + t**3 + 1 - 5*t**2 + 12*t - 4*t. What are the prime factors of x(7)?
2
Let w(u) be the third derivative of u**2 + 0*u + 1/24*u**4 + 0 - 3/2*u**3. List the prime factors of w(13).
2
Let a be ((-2)/3)/(74/(-24) - -3). What are the prime factors of 4*(3 - -1)/a?
2
Let f = 10 + 6. Suppose -q + f = 1. Let i = q + 9. What are the prime factors of i?
2, 3
Let o = -16 - -216. List the prime factors of o.
2, 5
Let z = -316 + 572. Suppose -5*v = -264 - z. Suppose -v = -p - 41. What are the prime factors of p?
3, 7
Suppose 4*p + 4*l - 5580 = 0, -3*p + l + 2928 = -1273. List the prime factors of p.
1399
Suppose 19*t - 10094 - 5391 = 0. What are the prime factors of t?
5, 163
Let k = 754 + -623. List the prime factors of k.
131
Suppose -9*c = -3*c. Suppose 10*n - 12*n + 24 = c. List the prime factors of n.
2, 3
Suppose 8 = 13*p - 9*p. Let j(a) = 13*a**3 + 3*a**2 - 4. What are the prime factors of j(p)?
2, 7
Suppose -13*p + 9950 + 20223 = 0. List the prime factors of p.
11, 211
Let g be 4/(-6)*-6*1185/(-12). Let m = g - -690. List the prime factors of m.
5, 59
Suppose -2*d - 12 = -5*d. Suppose p + 292 = d*h, -5*h + 115 = 4*p - 229. What are the prime factors of h?
2, 3
Let h(r) be the first derivative of -3*r - 2*r - r + 2*r**2 + 4 + r. What are the prime factors of h(5)?
3, 5
Suppose -6 = 2*u - 2. List the prime factors of (u + 1720/15)*6/4.
13
Let u = -100 + 212. Let b = -9 + u. List the prime factors of b.
103
Suppose k + 3*b = 1234, b + 0 - 2 = 0. What are the prime factors of k?
2, 307
Let r(h) be the third derivative of -h**5/60 - 5*h**4/24 - h**3/3 + 7*h**2. Let i be r(-5). What are the prime factors of i + (26 - (-2)/1)?
2, 13
Suppose 14 = 14*g - 42. List the prime factors of g.
2
Let s(c) = c**2 + c + 7. Let i be s(21). Let z = -258 + i. List the prime factors of z.
211
Let i be 13*(1 - -2 - 1). Let z = -37 + i. List the prime factors of 2/z + 1785/77.
23
Suppose -86 = z - 2*z. Suppose 2*f = 478 - z. Suppose 5*o - f = -6. What are the prime factors of o?
2, 19
Let j(c) = c**2 + 6*c - 7. Suppose 6*u + 3*t = u - 70, u + 5*t = -36. What are the prime factors of j(u)?
2, 3
Suppose 3 = 5*n + t, -2*t = -3*n - 5 - 1. Suppose n = -20*j + 23*j - 72. What are the prime factors of j?
2, 3
Suppose -z = 3*z + 16. Let x be (-1 - (2 + z))*79. Suppose -5*y + 209 - x = 0. What are the prime factors of y?
2, 13
Let y(w) = 4*w**3 + 6*w**2 + w - 5. Let d be y(-4). Let t = 261 + d. What are the prime factors of t?
2, 23
Let u(w) = w**2 + 6*w + 8. Let k be u(-3). What are the prime factors of (0 - k) + (-9)/((-18)/668)?
5, 67
Let u(z) = 10*z + 18. Let a(h) = -30*h - 54. Let y(p) = 4*a(p) + 11*u(p). What are the prime factors of y(-8)?
2, 31
Suppose 2*j + 5*c - 110 = 4*c, -3*j + c = -170. List the prime factors of j.
2, 7
Let x be -2 + -5 + 8/4. Let v(c) be the third derivative of -c**6/120 - c**5/15 + c**4/24 + c**3/3 + 17*c**2. List the prime factors of v(x).
2, 11
Suppose 5*o - 19 = 4*o - 5*u, 3*u - 6 = 0. Suppose 3*z + 2*z = 5*i + 520, -3*i = o. What are the prime factors of z?
101
Suppose -3*l = -q + 2*l + 189, 5*l + 373 = 2*q. List the prime factors of q.
2, 23
Let n(c) = -30*c - 27. List the prime factors of n(-12).
3, 37
Suppose 2*r = -f + 8, -5*r + 8*f - 4*f + 7 = 0. Suppose -r*j + 190 = -161. List the prime factors of j.
3, 13
List the prime factors of 9436/13 - 60/(-390).
2, 3, 11
Let s = -16 + 18. Suppose 2*i - 3*a = 2*a + 131, a + 5 = 0. Let q = i - s. List the prime factors of q.
3, 17
Let x be ((-26)/8)/((-13)/12 + 1). Let c = x - 31. List the prime factors of c.
2
Let t be -126*(-3 - 44/(-12)). Let g = -33 - t. Let n = 73 - g. List the prime factors of n.
2, 11
Let m = -36 - -54. Suppose -15*r = -m*r + 285. What are the prime factors of r?
5, 19
Let f(n) = -2*n**3 - 9*n - 13. List the prime factors of f(-8).
3, 19
Suppose -386 = -8*k - 1170. What are the prime factors of (-2416)/(-14) - (-56)/k?
2, 43
Let j(b) = b**3 - 6*b**2 + b + 7. Let x be j(6). Let t = 100 - x. List the prime factors of t.
3, 29
Suppose -3*n - 9568 = -29*n. What are the prime factors of n?
2, 23
Let n(z) = 1280*z**2 + 21*z - 20. List the prime factors of n(1).
3, 7, 61
Let t(v) = -7*v**2 - 2*v + 8. Let f be t(3). Let n = -17 - f. List the prime factors of n.
2, 11
Let c(l) = 4*l - 10. Suppose 0 = -k + 6*k - 150. Suppose k = 3*u + 2*u. What are the prime factors of c(u)?
2, 7
Let r(q) = -q - 5. Let g be r(-3). Let i(m) = -2*m - 1. Let l be i(g). Suppose -5*j = -2*p - p - 154, l*j - 72 = -5*p. List the prime factors of j.
29
Let k = 354 + -202. List the prime factors of k.
2, 19
Suppose 4*f - 1036 + 64 = 0. Let d = f - 174. List the prime factors of d.
3, 23
Let s(f) = -2*f + 4. Let b be s(5). Let i = 6 + b. What are the prime factors of (-1 - i) + 30/5?
5
Let u(d) = d**3 + 3*d**2 - 4*d. Let s be u(-4). Suppose s*h - 3*q = -3*h + 192, 0 = -3*h - 5*q + 208. List the prime factors of h.
2, 3, 11
Suppose 3*y - 1140 = -0*y - 4*c, 0 = y + c - 380. List the prime factors of y.
2, 5, 19
Let t(v) = 2*v**2 - 5*v + 8. Let j be t(6). Let l = 30 + j. What are the prime factors of l?
2, 5
Suppose 1 = r - 3. Let k = r + -1. Suppose k*s = -0*s + 36. List the prime factors of s.
2, 3
Let m = 742 + -340. List the prime factors of m.
2, 3, 67
Suppose 0 = -2*s - 0 - 26. Let m be (-1 - s)*6/3. Suppose -2 - m = -r. What are the prime factors of r?
2, 13
Let j = -2 + 5. Suppose -49*y = -44*y - 95. Suppose -j*x - y = -70. List the prime factors of x.
17
Suppose 0 = -5*r + 34 - 14. Suppose 40 = m + r*q + 16, 0 = -2*m - 3*q + 38. What are the prime factors of m?
2
Let a(v) = -24*v**3 + v**2 - v + 1. Let b be a(-2). Let w = -136 + b. What are the prime factors of w?
3, 7
Let u be (-44)/(-7) + (-2)/7. Let z(w) = w**3 - 24*w**2 - 18*w - 155. Let l be z(25). Suppose -l = -g + u. List the prime factors of g.
2, 13
Suppose y - 4*p = -7*p + 7, -y + 4*p + 21 = 0. Suppose -y*l + 21*l = 1312. List the prime factors of l.
2, 41
Suppose 4*h = -o + 2386, -5*h - o = -2477 - 505. What are the prime factors of h?
2, 149
Let l be (-1)/(((-6)/34)/3). Suppose -5*v + w + l = 0, -2*v - 5*w = v + 1. Suppose -7*s + 16 = -v*s. What are the prime factors of s?
2
Let u = -747 + 1632. Suppose -10*j + 881 = 3*k - 8*j, -3*j + u = 3*k. List the prime factors of k.
3, 97
Let k = -6408 - -11976. List the prime factors of k.
2, 3, 29
Let f(d) = 21*d**2 - 10*d - 25. List the prime factors of f(7).
2, 467
Let m be (3/4)/(30/160). List the prime factors of (m/(-8))/(-1 + (-26)/(-28)).
7
Let p be 24/(-120) - 1251/(-5). Suppose 0 = -2*t + x + p, -2*x + 643 = 5*t - 0*x. List the prime factors of t.
127
Suppose 2*p = 2*l + 3*l + 147, -3*p + 183 = 5*l. List the prime factors of 495/p*(1 - 77/(-3)).
2, 5
What are the prime factors of 245 - (3/(-3))/(1/(-2))?
3
Let l(h) = -17*h**2 - 7*h - 1. Let t(c) = 8*c**2 + 3*c. Let w(y) = -4*l(y) - 9*t(y). Let d be w(3). Let i = d + 45. What are the prime factors of i?
2
Let i be (1 - (-14)/(-2))*(-5)/10. Suppose -4*q + f = -617, -2*f = f + i. List the prime factors of q.
2, 7, 11
Let g(y) = 10*y**2 - y. Let l be g(-1). Suppose 3*f + 3*h = 12, 0 = 21*f - 24*f + 3*h + 6. What are the prime factors of (f - l/5)*50?
2, 5
Let c(n) = 213*n**3 + n**2 - 4*n + 7. What are the prime factors of c(2)?
3, 569
Let f = 5 + 2. Let s be f + 6 - (4 - 2). Suppose -3*w + 4 = -s. List the prime factors of w.
5
Let x(r) = r**3 + 6*r**2 - 8*r - 7. Let k be x(-7). Suppose -5*d = k, 2*g + d + 4 = -d. Let q(a) = -a**3 - 2*a**2 - 3*a - 2. List the prime factors of q(g).
2
Suppose -i = -2350 + 800. What are the prime factors of i?
2, 5, 31
Let w(v) = v**3 + v**2 + 8*v + 5. Let i be w(8). Let c be i/20 - 2/8. Suppose 180 